 h prime?
False
Suppose 0 = -0*g + 5*g. Suppose 2*r = -4*h - 10, 2*h = r - g - 7. Is -1 - -332 - (3 - r) a composite number?
True
Let i(d) be the third derivative of 3271*d**5/30 + d**4/12 + d**3/3 + 6*d**2. Let r be i(-1). Suppose 3*n + 8127 = 3*f, 0 = -4*f - 3*n + 4266 + r. Is f prime?
False
Let s(w) be the third derivative of 23*w**7/2520 - w**6/48 + 7*w**5/60 + 7*w**2. Let v(f) be the third derivative of s(f). Is v(7) prime?
True
Let h be 17 + 5/((-15)/6). Suppose 3*k - s + h = -k, -2*k - 4*s - 12 = 0. Let m(l) = -l**3 + l**2 - l + 5. Is m(k) a composite number?
False
Let w = -1572 - -3331. Is w a prime number?
True
Suppose -4*g - g = 3*v - 38071, -3*g - 5*v = -22849. Is g a composite number?
True
Let z(u) = 1387*u - 124. Is z(3) prime?
False
Suppose 0 = -n - 1, -42 = -2*t - 4*n - 4. Suppose 0 = -3*r + 3*x, -3*r - x - 3*x + t = 0. Suppose 0 = -2*m - 2*m + r*c + 2891, -2*m = -c - 1443. Is m prime?
True
Let t(c) = 4*c - 148. Let z be t(37). Let j(v) = -8*v**2 - 6*v - 679. Let r(k) = -k**2 - k - 1. Let i(p) = -j(p) + 6*r(p). Is i(z) composite?
False
Let i = 3225 - 2048. Is i prime?
False
Let d(r) = -4*r**2 + 2*r**2 + 2*r + 29*r**3 - 17*r**3 - r**2 + 1. Is d(2) prime?
True
Let g = -18 - 33. Is g/(-6)*(23 + -1) composite?
True
Suppose -4*f + 331982 = 42*f. Is f prime?
False
Suppose -94*o + 32628 = -82*o. Is o a composite number?
False
Let w be ((-1)/2 - 0)*-6. Let t = 3 + w. Suppose -4*n = -t*n + 118. Is n composite?
False
Suppose l + 3 = 6, 4*l = 2*q - 4144. Suppose -3*u + 5*u = q. Is u composite?
False
Let k(h) = 3664*h - 23. Is k(4) composite?
False
Suppose -6*y + y - 11535 = 0. Is y*(-2)/12*-2*-1 a composite number?
False
Let m(k) be the second derivative of -59*k**3/2 + 5*k**2/2 + 15*k. Is m(-12) prime?
True
Suppose -1535 = 59*u - 64*u. Is u a composite number?
False
Suppose -3*q - 4*z = -42, -5*q = -2*z + 4*z - 84. Suppose 3*i = -3*u + q, 0 = -0*i - 2*i - 3*u + 16. Suppose -246 - 428 = -i*a. Is a prime?
True
Let n = 26 + -32. Let r(p) be the second derivative of -23*p**3/6 + 5*p**2/2 - p. Is r(n) a composite number?
True
Is 48999*((-111)/18 + 6)*-2 a composite number?
False
Let f = -79483 - -141098. Is f a composite number?
True
Let g = 94 + -92. Suppose -g*i = -5433 - 4289. Is i a prime number?
True
Let o = -33426 + 47255. Is o a composite number?
False
Let z(g) = 6*g**2 - 3*g - 5. Let j(r) = -6*r**2 + 4*r + 5. Let b(w) = 4*j(w) + 5*z(w). Let s be b(5). Suppose -4*v + 70 = -s. Is v prime?
False
Let t(o) = 379*o + 403. Is t(10) a composite number?
True
Let d = -18 - -22. Is ((-1010)/d)/((-15)/30) a composite number?
True
Is ((-2930)/4)/(46/(-92)) a prime number?
False
Let k be 1/(-6)*4*-3. Let d(p) = -p**3 + 3*p**2 - 1. Let l be d(k). Is (236/(-6))/(l/(-9)) a composite number?
True
Suppose 0 = -3*c, -8*i + 4*i = -5*c - 992. Let j = i + -173. Let t = j - 22. Is t composite?
False
Is 2/18 - 2262546/(-243) prime?
True
Let l be -3 - (3 + 543 - (-3)/1). Let t = 427 - l. Is t a prime number?
False
Suppose -4*z + 6 = -5*l, -5*l = -3*z + 6 + 1. Let q be (0/z)/2 + 2. Suppose 5*r - 794 = -2*k + 2*r, 0 = -3*k + q*r + 1191. Is k a composite number?
False
Is (323/(-95))/((-1)/965) prime?
False
Is ((-4)/26 - 0) + 171072/624 prime?
False
Let x(b) = -61830*b + 31. Is x(-1) a composite number?
False
Is 59*(5 - -144)/1 composite?
True
Suppose o - 7644 = -5*r, 2*o + 22950 = 5*o - 3*r. Is o a composite number?
False
Is 23332/(-190)*70/(-4) a prime number?
False
Let i(q) = -q**3 + 13*q**2 + 12*q - 37. Is i(12) composite?
False
Let f(x) = -1757*x + 13. Is f(-2) composite?
False
Let v = 82 - 77. Suppose 5*o + 4222 = 2*x, 3*o + 10517 = v*x - 0*o. Is x a prime number?
False
Is (-241381)/(-42) - ((-13)/(-6) + -2) composite?
True
Let t(j) = -699*j + 1. Suppose -2*h = -7*h - 10. Is t(h) a composite number?
False
Let t = -91 + 128. Suppose n - 74 = -3*o, 0 = -4*n + 8*n + 3*o - 251. Let v = n - t. Is v prime?
False
Let r = 3600 - 1427. Is r prime?
False
Suppose 331*o = 344*o - 324181. Is o composite?
True
Let m be (-10)/(-65) + (801/(-39))/(-3). Let c(y) = 39*y**2 - 4. Is c(m) a prime number?
True
Suppose 4*i - 19966 = 2*i. Is i a composite number?
True
Let q(h) = 693*h + 16. Let y(f) = -f - 1. Let p(b) = -q(b) - 4*y(b). Is p(-5) a composite number?
False
Let u = 3094 - 2111. Is u prime?
True
Let q(r) = 437*r**2 + 31*r - 71. Is q(11) composite?
False
Let o be (-2)/2*(-1 - (-2350)/(-5)). Let w = o + 0. Is w prime?
False
Let d(i) = i**2 - 19*i - 4. Let b be d(-9). Suppose -2*v + b = 18. Is v a prime number?
False
Suppose 0 = -4*s - 2*k + 40736, -22*s + 3*k - 50921 = -27*s. Is s a composite number?
True
Suppose 6*d = 3*s + 508413, -3*d + 85*s = 83*s - 254205. Is d a composite number?
False
Let z = 13 + -11. Suppose 0 = 2*v - z*n - 10, -4*n = 3*v - 9*n - 19. Is 50 + v + 3 + -1 composite?
True
Let t(a) = 84*a**2 + 3*a - 41. Is t(4) a prime number?
False
Suppose 28 = 8*q - 4. Is 1*(-3)/12 + 22589/q prime?
True
Suppose -3*x + 13173 - 4847 = y, 4*x + 4*y - 11088 = 0. Is x composite?
False
Let m be -7*-2*1/(-1). Let z = m + 18. Is z prime?
False
Suppose 5*z = 10470 + 10080. Let w = -1981 + z. Is w a prime number?
True
Suppose 61459 + 66058 = 13*x. Is x composite?
True
Suppose -v = -t + 3*t - 8, 2*t - 16 = -5*v. Is (3 + v)*35 + 4 a composite number?
False
Suppose -x + 6*x + 3*w + 12 = 0, -w = -x + 4. Let u(l) = -l**2 - 2*l + 785. Is u(x) a prime number?
False
Let p(v) = 4*v**2 + 12*v. Let q(j) = -j + 1. Let o(y) = p(y) + 6*q(y). Suppose -s - s = -4*x + 12, 5*x - 17 = 3*s. Is o(s) a prime number?
False
Let x(f) = f**2 - 8*f + 2. Let a be x(10). Suppose -5*w + a - 7 = 0. Suppose 0*o - w*o = -222. Is o prime?
False
Let o(p) = p**3 - p**2 - 2*p + 2. Let b be o(2). Suppose 67 + 70 = -3*c + 2*r, -4*c = -b*r + 184. Let d = 112 - c. Is d a composite number?
True
Let f(l) = 17*l**2 + 5*l. Let i be f(4). Suppose -2*j = 3*v - 115, -2*v = 5*j + v - i. Is j prime?
True
Let h = 0 - -3. Suppose -p = h*r - 0*r - 280, 0 = 4*p + 4*r - 1160. Is (3 - (6 + -3)) + p a prime number?
False
Suppose -4 = j, 2*k + j + j + 16 = 0. Let v(t) = 82*t - 3. Let c(r) = -165*r + 7. Let s(x) = k*c(x) - 7*v(x). Is s(3) composite?
False
Let x be (14/(-3))/((-16)/14184). Suppose 2548 + x = 5*s. Is s prime?
False
Let s(t) = 11*t**2 - 10*t + 4. Is s(15) a composite number?
True
Suppose 51 = -4*y + j - 1, 4*y = -3*j - 52. Let i = y + 72. Is i composite?
False
Suppose 6990 = 13*t - 65563. Is t a composite number?
False
Let c(k) = -k**3 + 42*k**2 + 64*k - 55. Is c(42) a composite number?
False
Let u = 8 + -2. Suppose 13580 = a + u*a. Suppose -68 - a = -8*o. Is o composite?
False
Let c = 258 - 66. Suppose -5*s + c = -218. Is s a composite number?
True
Let a(v) = -v**3 - 12*v**2 + 33*v + 51. Let w be a(-14). Let i(f) = -f - 1. Let n be i(-3). Let o = n - w. Is o a composite number?
True
Let g be (-26)/(-6) + (-16)/(-24). Suppose -p + g = 4, 1096 = x + 5*p. Suppose -833 - x = -4*y. Is y composite?
True
Suppose 3*k = 44 - 2. Let j be k/4 - 3/(-6). Is 1/2*6 + j composite?
False
Let c = -5490 + 9083. Is c a composite number?
False
Let x(u) be the second derivative of u**5/20 - u**4/4 + u**3 - u**2/2 + 12*u. Is x(6) a prime number?
False
Let w(l) = -988*l + 369. Is w(-17) prime?
False
Let f = -19 - -26. Let g(r) = 13*r**2 + 7*r - 7. Is g(f) composite?
True
Let k = -14 + 16. Suppose -g + 185 = -k*r, 3*g - r - 582 = -4*r. Is g a composite number?
False
Suppose 0*y = -2*y. Suppose -2*f + 289 + 469 = y. Is f a prime number?
True
Is ((-48)/20 - -2) + 54776/40 composite?
True
Let j be 4/(-5) + 912/40. Suppose 25*b - 57 = j*b. Is b a prime number?
True
Let w(g) = -g - g + 3*g**2 + 3*g. Let o be w(1). Is o/(-18) - (-519)/27 a prime number?
True
Suppose 33 = 3*x - 6*x. Let c = 4 + x. Let v(y) = -29*y + 8. Is v(c) a prime number?
True
Suppose -115*o + 419584 = -274211. Is o prime?
False
Suppose -5*v + 3*x = 96, -v + 2*x - 24 = -x. Is (-4)/v + 1904/18 composite?
True
Let m(i) = 144*i + 235. Is m(41) composite?
True
Let a(u) = -15*u**2 - 40 + u**3 - 38 + 76 + 17*u. Is a(23) a composite number?
False
Let k = 575 - -174. Suppose 0 = 4*p, -o + 140 = -3*p - k. Is o composite?
True
Suppose -49*d = -52*d + 17553. Is d a composite number?
False
Suppose -3*v = 5*q - 15445, 4*q + 12 + 4 = 0. Is v prime?
False
Let r be (-5372)/(-5) + (7 - (-96)/